2 - 117 = -7*k. Calculate the greatest common divisor of 5 and k.
5
Let n be (-15)/6*2*-1. Suppose -n*m + 4 = -m. Suppose -5*x + 0*y + 2*y + 55 = 0, -3*x + 33 = -2*y. What is the greatest common factor of x and m?
1
Let n = 80 + -65. What is the greatest common factor of n and 165?
15
Suppose -3 = -0*v + v. Let x be (v + (-9)/12)*-12. What is the highest common factor of 9 and x?
9
Let v be (-328)/(-18) - (-18)/(-81). Suppose w = -0*w + v. Suppose 4*j = j + 594. Calculate the highest common divisor of w and j.
18
Let i(w) be the third derivative of -w**4/24 + w**3/2 - w**2. Let v be i(-7). Calculate the greatest common divisor of v and 80.
10
Let r be (31 - -1) + -2 + 1. Calculate the highest common factor of r and 341.
31
Suppose 0 = 3*z - 0*z. Suppose 5 = m - 4*g, 2*m - g = -3*g. Let v be z - m - (-5 - 16). Calculate the highest common divisor of v and 10.
10
Let w be (-1)/(2/(-8)*1). Let k = w - -1. What is the greatest common factor of k and 35?
5
Let b(u) = -u + 2. Let i be b(4). Let h = 10 - i. Let w(f) = f**3 + 3*f**2 - 2*f + 4. Let v be w(4). What is the greatest common factor of h and v?
12
Let k be 0/(2 - (-1 - -1)). Let d = k - -4. Calculate the highest common factor of d and 8.
4
Suppose -j + 75 = m, j - 72 = -0*j + 2*m. Suppose 0 = 4*r + j + 166. Let l = 102 + r. What is the highest common factor of 28 and l?
14
Let t(q) = 16*q + 14 - 4*q - 1 - 11. Suppose 0 = 4*w + 3*d - 17, 4*w + 0 = 2*d + 2. Let x be t(w). What is the highest common divisor of x and 13?
13
Let l be (-214)/(-14) - (-6)/(-21). What is the greatest common factor of l and 105?
15
Suppose 2*l - 2*m - 244 = 2*m, -5*l + 604 = -4*m. Let i = l + -71. Calculate the greatest common divisor of i and 7.
7
Let m(q) = q**2 - 10*q + 17. Let t be m(9). Calculate the greatest common factor of t and 1.
1
Let x(k) = 3*k + 1. Let l be x(4). What is the highest common divisor of l and 39?
13
Suppose w - 16 = -n, 0 = -5*n + 5*w - w + 116. Calculate the highest common factor of 220 and n.
20
Let x = 15 + -5. Suppose -c - x = -5*g, 33 = 5*c + 2*g - 25. Let f be (-1)/((-4)/(-5))*-88. Calculate the greatest common factor of c and f.
10
Let b be (3 - 4) + 0 + 1. Suppose -5*w = -b*w + 105. Let z = w + 46. Calculate the highest common divisor of z and 5.
5
Let r = -10 - -14. Suppose -2*p + 5*j + r = 0, 4*p - 5*j - 3 - 5 = 0. Calculate the highest common divisor of p and 5.
1
Suppose 0 = -2*b - p - 137 - 48, -2*b = -5*p + 203. Let r = -58 - b. Calculate the highest common divisor of r and 12.
12
Let l(j) = 3*j**2 - 11*j - 2. Let f be l(7). Let t = -21 - -38. Calculate the highest common divisor of t and f.
17
Suppose -3*t + 15 = 2*t. Suppose -132 = t*l - 6*l. Let b = 107 - 41. What is the greatest common divisor of b and l?
22
Suppose -g + 11 = -0*g + 2*d, 2*g = 2*d - 2. Suppose g*t - 317 = -53. Let w = 17 - 9. Calculate the greatest common factor of t and w.
8
Suppose -8 = -o + 3*x, 0 = -4*o + 2*x + 16 + 6. Let i(u) = -u + 7. Let v be i(o). Let m = 4 + v. What is the greatest common divisor of 2 and m?
2
Let k(b) = b**3 - 3*b**2 + 5*b - 2. Let n be k(3). Let l be (2 - 10/2) + n. Suppose 0 = -t + 4. What is the greatest common divisor of t and l?
2
Let f = 6 - 5. Let w = 4 - f. Suppose 0 = w*n - 44 + 11. What is the highest common factor of 11 and n?
11
Suppose -10*x = -4*x. Suppose 0 = w - x*w - 9. What is the highest common divisor of w and 81?
9
Let f(s) = s**3 + 6*s**2 + 4*s - 4. Let h be f(-4). Calculate the highest common divisor of 18 and h.
6
Suppose 2160 = 21*i - 6*i. Calculate the greatest common divisor of i and 16.
16
Let v be -2 - -16*38/4. What is the highest common divisor of 30 and v?
30
Suppose -4 - 2 = 3*i. Let n be 43 - ((-2)/1)/i. Calculate the highest common factor of n and 105.
21
Let m(w) = -w**3 - 4*w**2 + 3*w + 5. Let l be m(-5). Suppose -2*z + 4*z + 6 = 0. Let y be (z + 0)/((-11)/275). Calculate the highest common divisor of y and l.
15
Suppose -d = 5*z - 67, 32 + 15 = 3*z + 4*d. Calculate the highest common divisor of z and 13.
13
Suppose 6 = 7*g - 4*g. Suppose 0 = 3*q - 6*q + 108. Suppose 3*p + 7*l = 3*l + 8, g*p - q = 5*l. Calculate the greatest common factor of 72 and p.
8
Let m(d) = d**3 - 14*d**2 + 2*d + 11. Let k be m(14). Suppose h - 8 - 5 = 0. Calculate the highest common divisor of k and h.
13
Let m(b) = -b + 4. Let l be m(2). Suppose -134 = -4*w + 5*d, -7 + 77 = l*w - d. Calculate the highest common factor of w and 24.
12
Suppose 9 = 22*x - 145. Calculate the greatest common factor of x and 161.
7
Let d(g) = 35*g + 3. Let f be d(4). Let w(l) = -l**3 + l**2 - 2*l - 3. Let s be w(-2). Calculate the highest common divisor of s and f.
13
Let u(a) = 7*a**2 - a. Let l be u(-1). What is the highest common factor of 40 and l?
8
Let m = 2 - -9. Suppose m*x + 345 = 14*x. Calculate the greatest common divisor of 23 and x.
23
Let m be 6*((-99)/(-30) - (-6)/30). What is the highest common factor of 84 and m?
21
Suppose -6*a = -4*a - 8. Suppose a*v = -4 + 20. Let q be 1/(-3) - (-12)/9. What is the highest common factor of q and v?
1
Let c be 38/4 + (-4)/8. Let h = -36 - -58. Let p be (-6)/(-33) - (-1580)/h. Calculate the highest common divisor of c and p.
9
Suppose 4*i + 22 = 2*a, a + i = -a + 7. Suppose a*z + 66 = 546. What is the greatest common factor of z and 12?
12
Let n(v) = -11*v - 9. Let t be n(-3). What is the highest common factor of t and 3?
3
Suppose 2*q - 268 = 2*l, 240 = -q + 3*q + 5*l. What is the greatest common factor of 78 and q?
26
Let f be -2*1 - 12/(-6). Suppose 3*c - 12 = -f. What is the highest common divisor of c and 36?
4
Let c be (4 + (-80)/(-12))*9. Calculate the highest common factor of c and 64.
32
Let u = 37 - -23. Let t be 85 - 2*(-2)/4. Suppose 4*c - 3*q - 131 = -29, -4*c - 5*q = -t. What is the highest common divisor of c and u?
12
Let j(o) = 3 - 2 + 48*o**2 + 5*o**2. Let n be j(1). Suppose -5*g + 3*g - 2*q = -26, 105 = 5*g - 3*q. Calculate the highest common factor of g and n.
18
Let j(u) = 6*u**2 + u + 1. Let o be j(-1). What is the greatest common divisor of o and 4?
2
Let q = 4 - -8. What is the highest common divisor of 30 and q?
6
Let j be (-93)/(-15) + 3/(-15). Suppose 0 = -3*v - 0*v. Suppose -2*r + 0*r + 48 = v. What is the greatest common divisor of r and j?
6
Let w = 98 + -21. Calculate the highest common factor of w and 7.
7
Let z be 10/4 + (-2)/(-4). Suppose -4*p - 11 = z*m, 4*p - 3*m + m = 14. Calculate the greatest common divisor of 11 and p.
1
Suppose b - 3 = -0*b, 0 = 5*r - 5*b. Suppose 0 = -r*s + 54 + 6. Let y be s + 0 + 2*-1. Calculate the greatest common divisor of 45 and y.
9
Suppose 3*r + 99 = w, 0 = 2*w - r - 4*r - 195. What is the greatest common factor of 10 and w?
10
Suppose 5*g = 5*w - 105, 4*g = -2*w + 2*g + 42. Let d be -4*(-1)/(-6)*-9. Suppose 4*r + 6 = d*r. Calculate the highest common divisor of w and r.
3
Suppose 256 = 3*s + 5*s. Calculate the highest common factor of s and 16.
16
Let f = 1 + -3. Let g be f/(-9) + 421/9. Suppose 5*u + g - 127 = 0. Calculate the highest common divisor of 64 and u.
16
Let z = -77 - -122. Calculate the highest common divisor of z and 135.
45
Suppose -51 = -2*l + 75. Let p = 155 + -134. Calculate the greatest common factor of l and p.
21
Let x(o) = -o**3 - 4*o**2 - 3*o + 2. Suppose -5*c + q + q - 23 = 0, 0 = 3*c - q + 13. Let n be x(c). What is the greatest common divisor of n and 18?
2
Let d = -18 - -40. Calculate the greatest common factor of d and 33.
11
Let m(z) = -z**3 + 5*z**2 + 6*z + 3. Let w be m(6). What is the highest common divisor of w and 5?
1
Suppose -w + 6*w + 10 = 0. Let q be 6/(-6)*2/w. Calculate the greatest common divisor of 6 and q.
1
Let r be (-10)/30 + (-529)/(-3). Suppose -2*w + 0*w + 4*v = -80, 4*w - 4*v = r. Calculate the highest common divisor of 12 and w.
12
Suppose -276 = -5*f + t, 0 = -4*f - 5*t + 87 + 128. Suppose 0 = -4*c + g + 115, f = 2*c - 0*g - g. What is the greatest common factor of 5 and c?
5
Suppose -3*t - 5*k = -20 - 59, 3*t = k + 85. Let q = t - 20. What is the greatest common divisor of q and 8?
8
Let r be (2/(-3))/(2/(-3)). Suppose 9 = q - 3*o + 5*o, 2*o = q + 7. Calculate the greatest common divisor of r and q.
1
Let j(v) = 64 + 5*v + v**3 - 3*v - 4*v + 3*v. Let h be j(0). What is the highest common factor of h and 8?
8
Let p(x